.
4
Let w = 3011 + -3004. Let k(g) = g**3 - 8*g**2 + 7*g + 5. Determine k(w).
5
Let i be -3*(-4)/12 + (-9)/(-3). Let s(u) = -u + 12. Calculate s(i).
8
Let n(a) = a**3 - 7*a**2 + 8*a - 5. Let m be 4/10 + 32/(-5). Let t be -2 - (2 - (-25)/(-5)). Let w be m/((t - 4)/3). What is n(w)?
7
Let d(k) = 1 - 377*k - 2*k**2 + 380*k + 4*k**2. What is d(-1)?
0
Let t(w) = -15 + 8 + 2*w + 5 + 2*w. Suppose -o + 24 = 3*o. Let i = o - 4. Give t(i).
6
Let q(j) = j - 14. Let d(w) = w - 12. Let k(l) = -6*d(l) + 5*q(l). Give k(-6).
8
Let t(g) = -2*g - 1 - 73*g**2 + 13*g + 72*g**2. Let q(o) = -o**2 + 8*o - 4. Let w be q(5). Give t(w).
-1
Let y(p) = 1. Let v(h) = -6*h - 16. Let l(q) = v(q) - 5*y(q). Give l(-4).
3
Let c(a) = -5*a + 48. Let o be c(9). Suppose 16 = 2*p + 4*l, 3*p - 21 = -p + o*l. Let r(t) = -t**3 + 7*t**2 - 4*t - 3. Calculate r(p).
9
Let i(z) = -3*z + 35. Let y be i(10). Suppose -23 = y*p - 2*k - 2*k, p + 10 = -k. Let m(v) = v**3 + 6*v**2 - 5*v + 9. What is m(p)?
-5
Let w(j) = -3 + 4 + 2*j - 12*j. Let z be 120/54 + 8/(-36). Suppose r + 1 = 2*r - i, 2 = z*r - i. Calculate w(r).
-9
Let h be 12/(-1) - (160 - 172). Let m(o) = -o**3 - o**2 - 2*o - 24. Calculate m(h).
-24
Let w(t) be the second derivative of t**7/840 + t**6/360 - t**5/120 + 2*t**4/3 + t**3/3 + 13*t. Let f(j) be the second derivative of w(j). Determine f(0).
16
Suppose -1 = 18*i - 19*i. Let d(c) = -i - 2 + 0 + c**2. Calculate d(3).
6
Let w = -35 - -49. Let p(l) = -w - 18 + l + 31. Suppose z = -5 - 1. Determine p(z).
-7
Let g(z) be the first derivative of z**2/2 + z - 21. Suppose 2*s = -1 - 1. Let o be g(s). Let l(a) = -a + 3. Calculate l(o).
3
Suppose -34 - 23 = -19*w. Let j(k) be the second derivative of -k**5/10 + 5*k**4/12 - k**3/2 + 3*k**2/2 - k. Determine j(w).
-15
Let s be 2/10 + 78/(-15). Let a(t) = t - 3. Let l be a(s). Let v(q) = -q**2 - 8*q + 9. Give v(l).
9
Suppose -2*i + 10*i = 8. Let y(u) = -u + 61 - 21*u**3 - 61. Determine y(i).
-22
Let r = -114 + 93. Let o(u) = 2*u + 46. Let c be o(r). Let k(w) = w**2 - 3*w + 2. Give k(c).
6
Let g(u) = -9*u + 44 - 115 + 48. Determine g(-4).
13
Suppose f = -t + 10, -18*t + 40 = -15*t - 2*f. Let o(l) = l**3 - 11*l**2 - 13*l + 9. What is o(t)?
-3
Let s(u) = u**2 - 13*u + 11. Let j be s(1). Let n(w) = -15*w**2 - w - 1. Determine n(j).
-15
Let s(u) = -18*u - 24. Let o(l) = -38*l - 55. Let r(t) = 4*o(t) - 9*s(t). What is r(3)?
26
Let w(y) = 4*y**2 + 8*y + 7. Let s(j) = -j**2 + j + 1. Let x(d) = -10*d**2 - 12*d - 10. Let q(l) = -3*s(l) + x(l). Let i(m) = 3*q(m) + 5*w(m). Give i(-3).
2
Let p(y) = -36 + 92 + 4*y - 48. Give p(-6).
-16
Let n(o) be the third derivative of -o**4/6 + 86*o**2. Let m be (2/(-2))/2*-2. Calculate n(m).
-4
Let m(h) = 2*h**2 - 2*h + 2. Let w = -22 - -22. Suppose -3*d + 3*j + 15 = 0, w = 3*d + j - 16 - 11. Let n be d/5 + 2/5. Determine m(n).
6
Let q(y) = -5*y - 2*y**2 - 8*y**2 + 7 + 9*y**2. Determine q(-5).
7
Suppose -9 = 2*a - 3*z, -4*z - 6 = 3*a - 7*z. Let g(x) = 2*x**a - 12 + 5*x - 3*x + 11 - 3*x**2. Suppose -5*s + 6*s = 4*n - 9, 2*n - 9 = 5*s. Calculate g(n).
7
Let z be (2/(-6))/(3/(-45)). Suppose -1 + 3 = 2*s, -1 = 3*q + z*s. Let f(b) be the third derivative of b**6/120 - b**4/8 - b**3/2 + 22*b**2 + 2. Calculate f(q).
-5
Let t(i) = 8*i**2 + 2*i + 1. Let d = 1198 + -1200. What is t(d)?
29
Let a(w) = -4*w**3 - 9*w**2 + 9*w - 9. Let c(m) = -4*m**3 - 5*m**2 + 5*m - 5. Let g(r) = -4*a(r) + 7*c(r). Determine g(1).
-11
Let v(l) = -l**3 + 3*l**2 + 2. Let s(p) = p**3 - 9*p**2 + 1. Let n(w) = -w**2 - 9*w + 1. Let c be n(-8). Let o be s(c). Let d = 3 - o. What is v(d)?
6
Suppose 4*l + 12 = -x + 5, -2*x - 11 = 5*l. Let n(a) = a**2 - 5*a + 4. Let t(q) = -q + 1. Let s(u) = -n(u) + 6*t(u). Calculate s(x).
-4
Let z(h) be the first derivative of -h**4/4 - 2*h**3 + 3*h**2/2 + 7*h - 48. Determine z(-6).
-11
Suppose 4*v + 170 - 34 = 0. Let b be (v/8 - -4)*4. Let p(s) = -4*s - 1. Calculate p(b).
3
Let x(y) be the second derivative of 13*y**3/6 + 10*y**2 + 47*y. Let s be 9/(-3) + 0 - -10. Let u(f) = 7*f + 10. Let n(d) = s*u(d) - 4*x(d). Calculate n(-7).
11
Let c(j) = 3*j - 8*j**3 - j**2 - 248 + 7*j**3 + 249. Give c(-4).
37
Let f = -879 - -872. Let a(i) = 3*i**2 + 23*i - 22. Let p(m) = 2*m**2 + 15*m - 15. Let o(h) = 5*a(h) - 8*p(h). Calculate o(f).
-4
Let v(s) = -s**2 - 18*s - 4. Let z be v(-16). Suppose -2*l = 4*g - z, 0 = -2*g - g - l + 20. Let r(w) = -5*w - 2 + w**2 + 1 - 3. Give r(g).
2
Suppose 9 = 3*l - i, -4*l + 11 = i - 2*i. Suppose 5*w - l*o + 0*o = -19, -5*o = -3*w. Let y(m) = m**3 + 5*m**2 + 2*m. Give y(w).
-10
Let g(p) = -2*p - 7. Let t = 8 - 6. Suppose -12 - t = -d. Suppose -3*o - 1 = d. What is g(o)?
3
Let h(w) = -123*w - 11 + 65*w + 57*w. Give h(-13).
2
Let k = -2 + 0. Let r(c) = -5*c + 2. Let n(y) be the third derivative of 5*y**4/6 - 3*y**3/2 - 22*y**2. Let w(q) = k*n(q) - 9*r(q). Determine w(-1).
-5
Let d be 90/(-12)*(-60)/225. Let m(i) = 3 - 4*i - i + 2*i + 4*i**2. Give m(d).
13
Let h(n) = 2*n**2 + 6*n - 12. Let d(x) = 3*x + 3*x**2 - 23 + 14*x - 4*x. Let w(t) = -3*d(t) + 5*h(t). Calculate w(6).
-9
Let g(v) = -3*v + 10. Let q be g(-11). Let a = q - 38. Let o(r) = -4 - 5*r + 3*r**2 - 2*r**2 + 0. What is o(a)?
-4
Let r(k) = 12*k + 465. Let s be r(-38). Let z(p) = -p + 7. Give z(s).
-2
Let d(w) be the third derivative of w**4/12 + 5*w**3/3 - 52*w**2. Determine d(-7).
-4
Let s = 6 + -1. Let b(q) = 3*q**2 + 5*q - 7. Let d(y) = 2*y**2 + 5*y - 6. Let f(k) = -3*b(k) + 4*d(k). Determine f(s).
-3
Let x = 14 - 10. Let j(y) = -3 - 3*y + x*y + 4. What is j(-2)?
-1
Let a(n) be the first derivative of n**4/4 - 8*n**3/3 + 3*n**2 + 6*n + 151. Calculate a(7).
-1
Let g(b) = -b**3 - 2*b**2 + 8*b + 6. Let q be g(-4). Suppose -q*t = -12*t - 12. Let s(o) = -3*o**3 - 2*o**2 - 2*o. Calculate s(t).
20
Let g(w) be the third derivative of -w**4/3 - 20*w**3/3 + 547*w**2. Determine g(-6).
8
Let j(u) be the second derivative of 7*u + 1/6*u**3 + 5*u**2 + 0. Determine j(-5).
5
Let f(n) = n**3 + 2*n**2 - 5*n - 7. Let y be f(-2). Let o(m) = 4*m + 14. Let d(v) = -7*v - 27. Let s(x) = y*d(x) + 5*o(x). Suppose 2*h + 15 = 1. What is s(h)?
-4
Let k(g) = -g - 2*g - g**2 - 3*g + g**3 + 3*g + 4. Give k(3).
13
Let h(o) = -8*o. Suppose -4*z + 37 - 45 = 0. What is h(z)?
16
Let z(b) = -b - 3. Let u = -14 - -10. Suppose 3*v + i = 4*v - 1, -v - i = 9. Let j = u - v. Give z(j).
-3
Let d(c) be the third derivative of -c**5/30 - c**4/8 + c**3/2 - 88*c**2 + c. Suppose 3 + 13 = 2*h. Let s = 5 - h. Calculate d(s).
-6
Let n(s) be the second derivative of s**4/12 - 2*s**3/3 + 5*s. Let f be n(6). Suppose 4*h - 4 = -2*d - 2, -4*d = -f. Let j(m) = -3*m**3 - m. Give j(h).
4
Let x = 95 + -82. Suppose 0 = -6*l + 3*l + 2*z + 3, -4*z - x = l. Let r(j) = 18*j - 1. What is r(l)?
-19
Suppose 4*a - 28 - 12 = 0. Let q(x) = -1 + a + 12*x - 13*x. Suppose -42 - 35 = -11*n. Give q(n).
2
Let b(k) = k**3 - k**2 + k - 2. Let n(f) = -f**3 + f**2 - f + 4. Let u(a) = 5*b(a) + 4*n(a). Determine u(0).
6
Let p(y) = -y - 3. Let a = 78 + -168. Let o be a/21 + (-6)/(-21). Let i = o - -9. Give p(i).
-8
Let p(h) be the first derivative of 3*h**2/2 + 3*h - 4. Suppose -5 = v + l, -5*v + 3*v + 3*l = 0. Determine p(v).
-6
Let j = 343 + -340. Let k(f) = f**3 - 3*f**2 + f + 3. Determine k(j).
6
Let c(q) = q**2 + 6*q + 10. Let f(a) = 2*a**2 + 11*a + 21. Let y(l) = 11*c(l) - 6*f(l). Suppose 0 = 7*n - 11*n. Calculate y(n).
-16
Let a be 0 + 0/(-2) + 5. Let u be (3/(-5))/(1/a). Let w(h) be the third derivative of h**5/60 + 5*h**4/24 - h**3/6 + 2*h**2. Calculate w(u).
-7
Let g(c) be the third derivative of 3*c**4/8 + c**3/6 + c**2 - 108. Determine g(-5).
-44
Let o(j) = -7*j**2 - j. Let y = -467 + 449. Suppose 0 = -2*g - 0*g - 38. Let w = g - y. What is o(w)?
-6
Let s(u) = u**2 + 3*u + 9. Let y(l) = 3*l**2 + 10*l + 30. Let n(t) = 13*s(t) - 4*y(t). Calculate n(3).
3
Let o(q) = 3*q - 2. Suppose 22*b - 40 - 48 = 0. What is o(b)?
10
Let z(v) = -v**3 + 5*v**2 - 3*v + 3. Let x(i) = -29*i - 228. Let n be x(-8). Give z(n).
7
Let j(c) = -5*c**2 + c - 5. Let b(i) = -4*i**2 - 2*i + 8*i - 5 - 4*i + 0*i. Let f(s) = -6*b(s) + 5*j(s). Give f(-7).
5
Let h(g) = g**2 - 4*g - 4. Let o(c) be the first derivative of -c**3/3 - 5*c**2 + 4*c + 36. Let u = 22 - 32. Let v be o(u). What is h(v)?
-4
Let b(j) be the first derivative of -j**3/3 - 3*j**2/2 + 